44*r**2 + 3079*r + 21819. Give q(-8).
3
Let l(m) = 163*m + 2348. Calculate l(-17).
-423
Let h(p) = -3*p**3 - 25*p**2 - 118*p + 4. Determine h(-10).
1684
Let d(s) = 1889*s**2 + 32115*s + 8. Calculate d(-17).
-26
Let v(y) = y**3 - 17*y**2 + 49*y + 95. Calculate v(4).
83
Let i(w) = 28*w**2 - 836*w + 6217. Calculate i(15).
-23
Let x(r) = -597*r**2 - 608*r + 1249. Determine x(2).
-2355
Let h(w) = -w**3 + 317*w**2 - 2094*w - 23637. What is h(310)?
-77
Let o(q) = 21801*q + 2245490. Calculate o(-103).
-13
Let s(m) = -5*m**3 - 36*m**2 - 17*m - 114. Calculate s(-8).
278
Let v(q) = 2*q**3 + 22*q**2 + 1272*q + 12525. What is v(-10)?
5
Let v(i) = -i**3 + 241*i**2 - 1178*i - 591. Determine v(236).
-119
Let h(y) = 39*y**2 - 3*y. Give h(0).
0
Let a(g) = 775638*g + 10. Determine a(0).
10
Let w(z) = -2171*z - 664334. What is w(-306)?
-8
Let p(o) = 4*o**2 + 192*o - 12845. Give p(40).
1235
Let u(r) = -1046*r + 829483. Calculate u(793).
5
Let i(u) = 2560*u - 186829. Give i(73).
51
Let v(q) = -130*q + 30123. What is v(232)?
-37
Let b(x) = 2*x**3 - 156*x**2 + 243*x - 12695. What is b(77)?
-5842
Let n(z) = z**3 - 15*z**2 - 79*z - 82. Calculate n(19).
-139
Let d(k) = 110*k**2 - 806*k + 1609. What is d(4)?
145
Let a(n) = -n**2 + 79*n + 15657. Determine a(173).
-605
Let g(x) = -x**2 - 19*x + 1239. What is g(-51)?
-393
Let w(x) = 37*x - 520. What is w(3)?
-409
Let g(w) = -918*w + 7320. Determine g(8).
-24
Let y(x) = x**2 + 128*x - 33172. Determine y(129).
-19
Let y(v) = 9*v**2 - 42*v - 7. Calculate y(4).
-31
Let g(w) = 501*w + 88099. Calculate g(-176).
-77
Let p(o) = 230*o + 5607. Determine p(-28).
-833
Let w(t) = -344*t + 17089. What is w(51)?
-455
Let p(n) = -2*n**3 - 8*n**2 + 498*n - 44. What is p(14)?
-128
Let h(v) = v**2 + 1171*v - 286852. Determine h(208).
-20
Let l(j) = 7*j**2 + 1884*j + 76775. Determine l(-50).
75
Let r(y) = y**2 - 449*y + 15498. Calculate r(38).
-120
Let f(g) = g**2 + 80*g + 351. Calculate f(-78).
195
Let i(u) = -325*u + 337. Give i(1).
12
Let o(g) = 3*g**2 - 2149*g + 269434. What is o(554)?
-364
Let g(x) = -24718*x - 173029. Give g(-7).
-3
Let g(m) = 64*m + 4030. Determine g(-74).
-706
Let h(r) = 15*r**3 - 475*r**2 + 317*r - 233. What is h(31)?
-16
Let w(j) = j**2 + 60*j + 865. Determine w(-35).
-10
Let f(j) = 14777*j - 1226380. Give f(83).
111
Let o(g) = 195*g - 22870. Give o(102).
-2980
Let r(d) = 2733*d - 13659. Calculate r(5).
6
Let i(h) = h**3 - 82*h**2 + 1491*h - 196. What is i(55)?
134
Let i(o) = 2610*o - 26053. What is i(10)?
47
Let p(y) = -12*y**3 - 5*y**2 + 40*y - 8. Give p(5).
-1433
Let w(n) = -4*n**3 + 141*n**2 + 102*n + 58. What is w(36)?
-158
Let p(q) = 18901*q + 226876. Give p(-12).
64
Let b(f) = 3*f**2 - 38*f - 270. Give b(0).
-270
Let c(k) = -3*k**2 + 70*k - 532. Determine c(16).
-180
Let l(n) = 67*n**2 - 1276*n - 53. What is l(19)?
-110
Let y(w) = 2*w**2 - 586*w - 5981. Calculate y(-10).
79
Let h(s) = -103*s**2 - 3*s + 99. Determine h(0).
99
Let z(h) = 4895*h + 98040. Determine z(-20).
140
Let n(u) = u**3 - 176*u**2 + 184*u - 1561. What is n(175)?
14
Let a(q) = -29*q**2 + 2462*q - 4929. Determine a(2).
-121
Let d(c) = 2*c**2 + 9058*c - 81678. What is d(9)?
6
Let f(z) = -z**3 + 51*z**2 + 2123*z - 78833. Calculate f(65).
12
Let o(v) = 62001*v + 43. Give o(0).
43
Let u(b) = 1401*b**3 - 14*b**2 + 10*b + 6. Give u(1).
1403
Let d(j) = j**3 + 24*j**2 - 884*j - 20864. Calculate d(-23).
-3
Let t(c) = -61347*c - 61292. Give t(-1).
55
Let j(n) = 2*n**3 + 71*n**2 + 115*n + 11297. What is j(-38)?
-293
Let d(m) = -46063*m + 598820. Give d(13).
1
Let v(z) = -14*z**2 - 46*z - 6. Calculate v(-1).
26
Let x(m) = -4*m**2 - 253*m + 2789. What is x(-73)?
-58
Let z(u) = u**2 + 60795*u + 2612336. Give z(-43).
0
Let h(r) = -378*r - 92475. Calculate h(-244).
-243
Let w(k) = 271*k**2 + 234*k + 101. What is w(-1)?
138
Let h(d) = -276*d**3 - 16288*d**2 - 233*d + 189. Calculate h(-59).
12
Let o(f) = -10418*f**2 + 52075*f + 68. Calculate o(5).
-7
Let k(z) = -z**2 + 202*z + 5696. Determine k(-25).
21
Let g(l) = -l**2 - 328*l + 6238. What is g(18)?
10
Let z(x) = -236*x**2 + 3784*x + 26. What is z(16)?
154
Let c(t) = -6*t**2 - 2886*t - 322089. What is c(-176)?
-9
Let f(j) = j**2 + 351*j + 29581. Calculate f(-213).
187
Let h(m) = 8002*m - 64046. Determine h(8).
-30
Let h(d) = -74*d**3 - 4432*d**2 + 599*d + 7129. Determine h(-60).
-11
Let k(q) = 23*q**2 + 477*q - 171. Give k(-21).
-45
Let b(y) = -194*y + 122. What is b(-1)?
316
Let v(d) = -5*d**2 + 6308*d + 89293. Calculate v(-14).
1
Let l(v) = 1639*v + 9574. Calculate l(-6).
-260
Let p(m) = m**3 + 10*m**2 + 461*m + 4614. What is p(-10)?
4
Let f(n) = n**3 + 7*n**2 - 76*n - 280. What is f(0)?
-280
Let r(d) = d**3 + 9*d**2 + 8399*d + 58695. Calculate r(-7).
0
Let c(g) = -1061*g + 360718. Determine c(340).
-22
Let g(w) = 23*w**2 + 4217*w - 7029. What is g(-185)?
1
Let m(x) = 705*x**2 + 2926*x + 417. What is m(-4)?
-7
Let j(x) = x**3 + 281*x**2 - 44524*x - 778. What is j(-394)?
10
Let b(j) = -2*j**3 + 51*j**2 - 174*j - 375. Determine b(21).
-60
Let d(l) = -23*l**3 - 176*l**2 - l - 2. Give d(-8).
518
Let g(i) = 607*i**2 - 3018*i + 53. What is g(5)?
138
Let p(s) = s**2 - 123752*s + 4948478. Calculate p(40).
-2
Let m(u) = -2*u**2 + 77855*u + 700882. Give m(-9).
25
Let l(c) = 929*c**2 + 87327*c + 43. Calculate l(-94).
-51
Let r(z) = -4*z**3 - 1730*z**2 - 839*z + 10788. What is r(-432)?
-12
Let r(q) = -3*q**2 + 57*q + 665. Calculate r(-21).
-1855
Let m(r) = 2*r**2 - 100*r + 327. Calculate m(3).
45
Let r(d) = -5*d**2 - 215*d + 1429. Calculate r(6).
-41
Let t(h) = -5*h**2 - 81*h + 93659. What is t(129)?
5
Let c(d) = 6204*d - 33. Give c(0).
-33
Let c(r) = r**3 - 4*r**2 + 242*r - 1827. What is c(7)?
14
Let u(d) = d**3 - 68*d**2 - 1269*d + 2021. Give u(83).
29
Let g(f) = 10536*f - 1443455. Calculate g(137).
-23
Let q(f) = f**3 - 54*f**2 + 183*f - 1278. Calculate q(51).
252
Let t(r) = 5288*r + 539370. Give t(-102).
-6
Let v(y) = 5*y**2 - 1211*y - 12260. Give v(-10).
350
Let d(y) = -8*y + 624. Determine d(79).
-8
Let n(b) = -36*b**2 - 7173*b - 1782. What is n(-199)?
9
Let v(a) = -265*a**2 - 42138*a - 284. Give v(-159).
193
Let c(f) = f**3 + f**2 + 98*f - 3132. Determine c(16).
2788
Let h(l) = 144*l - 660. Give h(10).
780
Let b(t) = t**3 - 129*t**2 - 2158*t - 414. Determine b(144).
-126
Let o(t) = 15*t**3 + 128*t**2 + 206*t - 32. Calculate o(-6).
100
Let l(h) = 7274*h + 305519. Calculate l(-42).
11
Let a(i) = -5*i**2 + 36287*i + 72615. Calculate a(-2).
21
Let w(j) = 88141*j - 969478. Determine w(11).
73
Let k(f) = -2*f**2 - 123*f - 556. Give k(-42).
1082
Let b(s) = -s**3 + 122*s**2 - 2278*s - 85. What is b(23)?
-108
Let a(c) = -39*c - 7083. Calculate a(-183).
54
Let n(t) = t**3 - 2*t**2 - 1569*t - 94. Calculate n(-39).
-1264
Let g(k) = 35*k**3 + 143*k**2 - 246*k - 985. Calculate g(-4).
47
Let a(z) = 4*z**2 - 407*z - 38381. What is a(-59)?
-444
Let t(k) = 18030*k - 90077. Give t(5).
73
Let f(s) = 5*s**2 - 1648*s - 21600. Calculate f(-13).
669
Let q(b) = -394*b + 663. Determine q(3).
-519
Let x(j) = 48*j**2 + 4301*j - 8571. What is x(2)?
223
Let x(f) = 2*f**2 - 1387*f - 30088. Give x(-21).
-79
Let u(r) = 4749*r - 23793. Calculate u(5).
-48
Let h(z) = 3*z**3 + 111*z**2 - 41*z + 126. What is h(-38)?
-2648
Let j(g) = -g**3 - 38*g**2 + 77*g + 61. Determine j(5).
-629
Let u(s) = -s**2 - 457*s - 20299. Determine u(-50).
51
Let r(y) = 2*y**3 - 180*y**2 - 162*y - 1822. Calculate r(91).
-2
Let k(z) = 2*z**2 + 537*z - 3973. Give k(7).
-116
Let b(j) = -j**2 + 686*j + 16618. Calculate b(-24).
-422
Let o(d) = -d**3 + 12*d**2 + 52*d - 546. Give o(11).
147
Let s(d) = -93*d**2 + 112*d + 461. Calculate s(-4).
-1475
Let r(h) = -h**2 + 5649*h + 96169. What is r(-17)?
-153
Let b(q) = -2*q**3 + 844*q**2 - 878*q + 15162. Determine b(421).
6
Let k(o) = -6*o**2 - 22*o - 676. Calculate k(-7).
-816
Let v(n) = -19321*n - 270489. What is v(-14)?
5
Let w(t) = -2*t**3 + 14*t**2 + 421*t - 3589. Give w(8).
-349
Let j(v) = 566*v + 3910. What is j(-7)?
-52
Let l(a) = 2*a**3 - 23*a**2 + 22*a + 28. Determine l(6).
-236
Let v(t) = t**3 + 122*t**2 - 488*t + 2055. Give v(-126).
39
Let z(b) = -17*b**2 + 1593*b + 21554. Calculate z(-12).
-10
Let l(x) = -x**3 + 442*x**2 - 3367*x + 140075. Calculate l(435).
5
Let y(w) = w**3 + 137*w**2 + 446*w + 23781. Calculate y(-13